s of 0 + 164*13 - (-21 - -30)?
11, 193
Suppose -653*g - 33579 = -656*g. List the prime factors of g.
3, 7, 13, 41
Let f(s) = 117*s**2 - 256*s - 2658. List the prime factors of f(-10).
2, 5801
Let f(b) = -584*b - 1004. List the prime factors of f(-14).
2, 11, 163
Suppose -4*z - 1808 = -5*u, 352 = u - 12*z + 8*z. Suppose -375*j + 12837 = -u*j. List the prime factors of j.
3, 389
Let o(l) = 2*l**2 + 21*l + 452. What are the prime factors of o(-53)?
4957
Suppose 12 = 2*d + 4*v, 0 = -d + 2*v - v. Suppose -j - 10 = 4*c + j, -10 = d*j. Suppose -2*t = 0, c = q - 3*q + 4*t + 480. What are the prime factors of q?
2, 3, 5
Let d(r) = -428*r + 8. Let j be (-5 - 17/(-3))/(4/(-6)). What are the prime factors of d(j)?
2, 109
Let n = -50 - -53. Suppose -n*j = 5*y - 17, y - 7 = 2*j + j. Suppose -2*i = z - 26, 0 = y*z - 2*z - i - 37. What are the prime factors of z?
2, 5
Suppose 2*x + 960 = 3*v, -v - 4*v - 5*x = -1600. Let d = -142 + v. List the prime factors of d.
2, 89
Suppose -3*p + 147447 = 4*o, 0 = 3*o + 3*p - 62813 - 47767. What are the prime factors of o?
3, 12289
Let r(b) = 144*b + 1619. What are the prime factors of r(49)?
5, 347
Let a(m) = -2*m**3 + 17*m**2 - 4*m - 2. Let l(w) = -w**3 + 25*w**2 - 25*w + 29. Let j be l(24). List the prime factors of a(j).
3, 17
Let x be 5/20 + 102/8 + -1. Suppose -x*m = -5*m - 1995. List the prime factors of m.
3, 5, 19
Let z(v) = -4*v**3 + v**2 - 9*v - 2. Let t be z(-5). Let l = t + -451. List the prime factors of l.
3, 13
Let s = -36509 - -54875. What are the prime factors of s?
2, 3, 3061
Suppose -10*r + 24048 = -r. List the prime factors of r.
2, 167
Suppose 0 = 3*d + 15, 2*c - 6 = -2*d - 24. Let h be (2 + c)*1/(-2)*2. What are the prime factors of h/(-4) + -4 + 147/6?
2, 5
Let w(d) = -d**3 + 16*d**2 - 27*d - 3. Let n be w(14). Let s be 2/11 + 31/n. Suppose s*f + 2*f - 775 = 0. What are the prime factors of f?
5, 31
Let t = -110787 - -158055. What are the prime factors of t?
2, 3, 13, 101
Let q(n) = 8 + n - n**2 - 7 - 1. Let h(g) = -14*g**2 - 2*g + 4. Let x(a) = -h(a) + 3*q(a). List the prime factors of x(-3).
2, 5
Let x = -20 + 103. Suppose x*a = 60*a + 14352. List the prime factors of a.
2, 3, 13
Suppose g - 21 = -3*i - 2*g, -4*i = -2*g - 16. Suppose 3 = 3*a, v + v - 43 = i*a. What are the prime factors of v?
2, 3
Let f = 5357 - 5323. Suppose -2*i = -0*i - 224. Suppose -38*b = -f*b - i. List the prime factors of b.
2, 7
Suppose -4*j + 8*u + 1 = 13*u, 17 = 5*j + u. Let r(h) = 187*h + 54. List the prime factors of r(j).
2, 401
Let w = -27 + 152. Suppose v = -c - 22 + 155, w = v - 3*c. What are the prime factors of v?
131
Suppose -2*v + 2 = 3*z - 11, 4*z = 4*v + 4. Suppose -z*x + 209 = 5*r - 753, 390 = 2*r - 4*x. What are the prime factors of r?
193
Let q(m) = m**3 - 14*m**2 + 97*m - 1291. List the prime factors of q(38).
7, 67, 79
Suppose -13*a + 2*a = -6259. Suppose 2*m + 3*z = 4*z + 281, -5*z = 4*m - a. What are the prime factors of m?
3, 47
Let d(u) = -2606*u - 1103. List the prime factors of d(-4).
3, 13, 239
Suppose -9 = -c - 5. Let i be (-5 - 5)*(-2)/c. Suppose -7*s + 108 = -i*s. What are the prime factors of s?
2, 3
Let v be 8/(-20) + ((-2556)/(-20))/(-3). Let q = v - -46. List the prime factors of (-1985)/(-60)*q + 2/(-8).
3, 11
Let l(d) = d**3 + 40*d**2 + 41*d. Let z be l(-39). List the prime factors of (-65)/z - 3470/(-12).
2, 5, 29
Let u(j) = -j**2 + 14*j + 37. Let s be u(16). Suppose -s*p + 30 = -10. Suppose 2*x + 320 = p*a - 5*a, -a + 105 = -x. List the prime factors of a.
2, 5, 11
Suppose 0 = -s - 2*d + 8757, -49*s + d + 43818 = -44*s. List the prime factors of s.
3, 23, 127
Let w(l) = 344*l**2 + 15*l + 19. List the prime factors of w(-3).
2, 5, 307
Suppose 50300 = -75*h + 76*h. List the prime factors of h.
2, 5, 503
Suppose -184 = 4*h - i, 3*h - 2*i + 59 = -74. Let m = 106 + h. Let a = m + -5. What are the prime factors of a?
2, 3
Suppose 7*k - 3*k = 144. Let z be 2/(-3 - -1) + k. Suppose -3*u = q - z, -2*q + 0*q + 2*u + 46 = 0. List the prime factors of q.
2, 13
Let v be 14/3*(2 + 2 + 2). Let k be (-1)/(-4) - 791/v. List the prime factors of -3 + (-92)/k + 1002/21.
2, 3
Let o = 806 - 381. Let m be ((-96)/5)/((-34)/o). List the prime factors of 4/(-26) - (3 + m/(-39)).
3
Let z(q) = q**3 + q**2 - q + 77. Let l(b) = -5*b + 10*b - 5*b - b**2 + 9*b. Let g be l(9). What are the prime factors of z(g)?
7, 11
Suppose 33*k - 188*k = -3195453 - 932352. List the prime factors of k.
3, 11, 269
Suppose 4*w - 2*w = -66. Let y be 11/(w/(-36)) + -4. Suppose -2*s - 1092 = -y*s. What are the prime factors of s?
2, 7, 13
Let h be (-4)/22 - 90/(-11). Suppose -2*x = 4*c - 5306, h*c - 13*c - 5*x = -6630. List the prime factors of c.
1327
Suppose 2 = 6*k - 22. Suppose -k*j + 4185 = 5*j. List the prime factors of j.
3, 5, 31
Let g be -20 + 24 + 1 + 17. Let d = g + -41. Let m(l) = l**3 + 19*l**2 - 2*l + 20. List the prime factors of m(d).
2, 29
Suppose -2*w = -12*w - 850. Let m(v) = -251*v + 2. Let u be m(1). Let n = w - u. What are the prime factors of n?
2, 41
Let r(t) = -t**3 + 67*t**2 + 183*t - 115. List the prime factors of r(68).
5, 23, 67
Let z(a) = 10*a**3 - 8*a**2 + 6*a + 32. Let q be (2/4)/(35/350). What are the prime factors of z(q)?
2, 139
Let k(a) = 69*a**2 - 3*a - 18. Suppose -3*x - 4*j = -11, 5*x - 7*x + 2*j = 16. What are the prime factors of k(x)?
2, 3, 17
List the prime factors of (-504)/13356 - (-6957632)/106.
2, 37, 887
Let z(f) = f**3 - 2*f**3 - 103 + 106 - 10*f**2. Let x be z(-10). Suppose 0 = -x*a + 12 - 6. List the prime factors of a.
2
Let l be (2 - 2)*(14 + -15) - -3. Suppose 0*v - l*g = -5*v + 2040, -4*g + 20 = 0. What are the prime factors of v?
3, 137
Let j = -214 - -208. Let y(s) = -48*s - 10. What are the prime factors of y(j)?
2, 139
Suppose 6*i = i - 70. Let m = -44 - i. What are the prime factors of m/(-20) - (-259)/2?
131
Let p be 7/((-714)/(-12)) - (-63780)/34. Suppose -6524 + p = -28*n. List the prime factors of n.
2, 83
Let b(w) = 2*w**2 - 28*w + 84. Let a be b(10). Suppose -g = 2*q - 357, 3*q - 5*q - 1378 = -a*g. What are the prime factors of g?
347
Suppose 17*i = 119698 + 353108 + 153321. List the prime factors of i.
3, 12277
Suppose -8 = 2*y, 6 = -2*w - 4*y - 0*y. Suppose s - 7 = 2*i, w*i - 4*s = -9*s - 10. What are the prime factors of 3/i - 6/(12/(-98))?
2, 3
Let s = 239 + 242. Suppose -3*q - s + 1558 = 0. List the prime factors of q.
359
Let m = 5 - 9. Let b(g) = -31*g + 53*g + 6*g**2 - 2 + 0*g - 29*g. List the prime factors of b(m).
2, 61
Let i = 11498 - -27. What are the prime factors of i?
5, 461
Suppose 32*m - 143155 = 8301. What are the prime factors of m?
4733
Suppose 4*n - 5*u - 6943 = 0, 5*u - 3479 = -7*n + 5*n. What are the prime factors of n?
3, 193
Let r = -3608 + 5349. Suppose 1429 = 10*j - r. What are the prime factors of j?
317
Let w = 53 + -51. Suppose -w*t + 440 = 5*o - 1028, 4*t + 3*o - 2950 = 0. Suppose -7*u - 46 + t = 0. What are the prime factors of u?
3, 11
Let w(c) = c + 16. Let t be w(-12). Suppose t*l - 354 - 330 = 0. What are the prime factors of l?
3, 19
Suppose f + 7 = 2*k, -k = -3*f + 3 + 6. Suppose 22*q - 23*q = -k. Suppose 0*u - q*u = -426. What are the prime factors of u?
71
Let p = 465 - 105. Let k = 28 + -20. Suppose p - 1208 = -k*m. What are the prime factors of m?
2, 53
Suppose -5*m + 47 = 32. Suppose 4*p = m*p + 4*o + 841, -4*p - o = -3398. What are the prime factors of p?
3, 283
Let g be (4 - 0)/((-1)/(-4)). Let z be (4 + g/(-4))/(-2). List the prime factors of 89/(0 + 1) - z.
89
Suppose -325747 - 827845 = 149*d - 6456651. What are the prime factors of d?
35591
Let o be 20/(-3)*(6 + 234/(-30)). Suppose -f + 3*a + o = -371, f + 4*a = 397. List the prime factors of f.
389
Let a(r) = -r + 9. Let l be a(7). Suppose -d + l*d = -4, 0 = 2*j - 2*d + 24. Let k = j - -107. What are the prime factors of k?
7, 13
What are the prime factors of 2*(-11507)/(-2) - (7 + -1 + -9)?
2, 5, 1151
Let f = 29070 + -22515. What are the prime factors of f?
3, 5, 19, 23
Let j be 1/3 - (-408)/(-9). Let p = j + 49. Suppose -5*w = -4*i + 892, -4*i - p*w - 452 = -6*i. List the prime factors of i.
2, 109
Let f be (4 - (-63)/(-18))/((-2)/(-9304)). Suppose -2*g = -6*j + 9*j - f, -g = 2*j - 1164. What are the prime factors of g?
2, 5, 29
What are the prime factors of (-37628 -